{"id":263,"date":"2020-04-13T06:36:59","date_gmt":"2020-04-13T06:36:59","guid":{"rendered":"http:\/\/interaktiv.chemieseiten.de\/?page_id=263"},"modified":"2020-11-29T12:02:47","modified_gmt":"2020-11-29T12:02:47","slug":"lernsoftware-was-ist-chemie","status":"publish","type":"page","link":"https:\/\/www.chemieseiten.de\/?page_id=263","title":{"rendered":"Lernsoftware &#8222;Was ist Chemie?&#8220;"},"content":{"rendered":"\n<p class=\"has-white-color has-primary-background-color has-text-color has-background has-medium-font-size\"><a rel=\"noreferrer noopener\" href=\"https:\/\/www.chemieseiten.de\/download\/wasistchemie.exe\" target=\"_blank\">Download: <strong>Was ist <abbr class='c2c-text-hover' title='Naturwissenschaft, die die Eigenschaften, die Zusammensetzung und die Umwandlung der Stoffe und ihrer Verbindungen erforscht'>Chemie<\/abbr>?\u00a0<\/strong>\u00a0<\/a>\u00a0\u00a0(27 MB) (Rechtsklick &#8211; &#8222;Link in neuem TAB \u00f6ffnen&#8220;)<\/p>\n\n\n\n<p>Eigentlich f\u00fcr die erste Chemiestunde gedacht &#8230; Was ist <abbr class='c2c-text-hover' title='Naturwissenschaft, die die Eigenschaften, die Zusammensetzung und die Umwandlung der Stoffe und ihrer Verbindungen erforscht'>Chemie<\/abbr> und wo kommt sie in unserem Leben vor? Die Bilder sollen&nbsp;<strong>zum Gespr\u00e4ch anregen<\/strong>&nbsp;und medial unterst\u00fctzen, sich&nbsp;<strong>\u00fcber CHEMIE zu unterhalten<\/strong>. Nur ein Gedanke &#8230;aber das geht doch auch in den Folgeklassen. In&nbsp;<strong>je 25 Fragen<\/strong>&nbsp;zum vergangenen Jahr kann gemeinsam auf &#8222;<strong>Jeopardy-Art<\/strong>&#8220; wieder hinein gerochen werden in das Thema CHEMIE. Als Zugabe noch Erkl\u00e4rungen zu den&nbsp;<strong>Gefahrensymbolen<\/strong>. Also, mal spielerisch ins neue Jahr.<\/p>\n\n\n\n<p>Klasse 8 &#8230; Einf\u00fchrung in das Fach<\/p>\n\n\n\n<p>Klasse 9 &#8230; Wiederholung des letzten Schuljahresstoffes<\/p>\n\n\n\n<p>Klasse 10&#8230; Wiederholung des letzten Schuljahresstoffes<\/p>\n\n\n\n<figure class=\"wp-block-gallery columns-3 is-cropped wp-block-gallery-2 is-layout-flex wp-block-gallery-is-layout-flex\"><ul class=\"blocks-gallery-grid\"><li class=\"blocks-gallery-item\"><figure><img loading=\"lazy\" decoding=\"async\" width=\"331\" height=\"254\" src=\"http:\/\/interaktiv.chemieseiten.de\/wp-content\/uploads\/2020\/04\/wasist2.jpg\" alt=\"\" data-id=\"264\" data-full-url=\"http:\/\/interaktiv.chemieseiten.de\/wp-content\/uploads\/2020\/04\/wasist2.jpg\" data-link=\"http:\/\/interaktiv.chemieseiten.de\/?attachment_id=264\" class=\"wp-image-264\" srcset=\"https:\/\/www.chemieseiten.de\/wp-content\/uploads\/2020\/04\/wasist2.jpg 331w, https:\/\/www.chemieseiten.de\/wp-content\/uploads\/2020\/04\/wasist2-300x230.jpg 300w\" sizes=\"auto, (max-width: 331px) 100vw, 331px\" \/><\/figure><\/li><li class=\"blocks-gallery-item\"><figure><img loading=\"lazy\" decoding=\"async\" width=\"350\" height=\"263\" src=\"http:\/\/interaktiv.chemieseiten.de\/wp-content\/uploads\/2020\/04\/wasist2a.jpg\" alt=\"\" data-id=\"265\" data-full-url=\"http:\/\/interaktiv.chemieseiten.de\/wp-content\/uploads\/2020\/04\/wasist2a.jpg\" data-link=\"http:\/\/interaktiv.chemieseiten.de\/?attachment_id=265\" class=\"wp-image-265\" srcset=\"https:\/\/www.chemieseiten.de\/wp-content\/uploads\/2020\/04\/wasist2a.jpg 350w, https:\/\/www.chemieseiten.de\/wp-content\/uploads\/2020\/04\/wasist2a-300x225.jpg 300w\" sizes=\"auto, (max-width: 350px) 100vw, 350px\" \/><\/figure><\/li><li class=\"blocks-gallery-item\"><figure><img loading=\"lazy\" decoding=\"async\" width=\"330\" height=\"254\" src=\"http:\/\/interaktiv.chemieseiten.de\/wp-content\/uploads\/2020\/04\/wasist3.jpg\" alt=\"\" data-id=\"266\" data-full-url=\"http:\/\/interaktiv.chemieseiten.de\/wp-content\/uploads\/2020\/04\/wasist3.jpg\" data-link=\"http:\/\/interaktiv.chemieseiten.de\/?attachment_id=266\" class=\"wp-image-266\" srcset=\"https:\/\/www.chemieseiten.de\/wp-content\/uploads\/2020\/04\/wasist3.jpg 330w, https:\/\/www.chemieseiten.de\/wp-content\/uploads\/2020\/04\/wasist3-300x231.jpg 300w\" sizes=\"auto, (max-width: 330px) 100vw, 330px\" \/><\/figure><\/li><li class=\"blocks-gallery-item\"><figure><img loading=\"lazy\" decoding=\"async\" width=\"350\" height=\"262\" src=\"http:\/\/interaktiv.chemieseiten.de\/wp-content\/uploads\/2020\/04\/wasist4c.jpg\" alt=\"\" data-id=\"268\" data-full-url=\"http:\/\/interaktiv.chemieseiten.de\/wp-content\/uploads\/2020\/04\/wasist4c.jpg\" data-link=\"http:\/\/interaktiv.chemieseiten.de\/?attachment_id=268\" class=\"wp-image-268\" srcset=\"https:\/\/www.chemieseiten.de\/wp-content\/uploads\/2020\/04\/wasist4c.jpg 350w, https:\/\/www.chemieseiten.de\/wp-content\/uploads\/2020\/04\/wasist4c-300x225.jpg 300w\" sizes=\"auto, (max-width: 350px) 100vw, 350px\" \/><\/figure><\/li><li class=\"blocks-gallery-item\"><figure><img loading=\"lazy\" decoding=\"async\" width=\"332\" height=\"255\" src=\"http:\/\/interaktiv.chemieseiten.de\/wp-content\/uploads\/2020\/04\/wasist4.jpg\" alt=\"\" data-id=\"267\" data-full-url=\"http:\/\/interaktiv.chemieseiten.de\/wp-content\/uploads\/2020\/04\/wasist4.jpg\" data-link=\"http:\/\/interaktiv.chemieseiten.de\/?attachment_id=267\" class=\"wp-image-267\" srcset=\"https:\/\/www.chemieseiten.de\/wp-content\/uploads\/2020\/04\/wasist4.jpg 332w, https:\/\/www.chemieseiten.de\/wp-content\/uploads\/2020\/04\/wasist4-300x230.jpg 300w\" sizes=\"auto, (max-width: 332px) 100vw, 332px\" \/><\/figure><\/li><li class=\"blocks-gallery-item\"><figure><img loading=\"lazy\" decoding=\"async\" width=\"350\" height=\"262\" src=\"http:\/\/interaktiv.chemieseiten.de\/wp-content\/uploads\/2020\/04\/wasist4f.jpg\" alt=\"\" data-id=\"269\" data-full-url=\"http:\/\/interaktiv.chemieseiten.de\/wp-content\/uploads\/2020\/04\/wasist4f.jpg\" data-link=\"http:\/\/interaktiv.chemieseiten.de\/?attachment_id=269\" class=\"wp-image-269\" srcset=\"https:\/\/www.chemieseiten.de\/wp-content\/uploads\/2020\/04\/wasist4f.jpg 350w, https:\/\/www.chemieseiten.de\/wp-content\/uploads\/2020\/04\/wasist4f-300x225.jpg 300w\" sizes=\"auto, (max-width: 350px) 100vw, 350px\" \/><\/figure><\/li><\/ul><\/figure>\n\n\n\n<p><\/p>\n<div class=\"pvc_clear\"><\/div><p id=\"pvc_stats_263\" class=\"pvc_stats all  \" data-element-id=\"263\" style=\"\"><i class=\"pvc-stats-icon small\" aria-hidden=\"true\"><svg aria-hidden=\"true\" focusable=\"false\" data-prefix=\"far\" data-icon=\"chart-bar\" role=\"img\" xmlns=\"http:\/\/www.w3.org\/2000\/svg\" viewBox=\"0 0 512 512\" class=\"svg-inline--fa fa-chart-bar fa-w-16 fa-2x\"><path fill=\"currentColor\" d=\"M396.8 352h22.4c6.4 0 12.8-6.4 12.8-12.8V108.8c0-6.4-6.4-12.8-12.8-12.8h-22.4c-6.4 0-12.8 6.4-12.8 12.8v230.4c0 6.4 6.4 12.8 12.8 12.8zm-192 0h22.4c6.4 0 12.8-6.4 12.8-12.8V140.8c0-6.4-6.4-12.8-12.8-12.8h-22.4c-6.4 0-12.8 6.4-12.8 12.8v198.4c0 6.4 6.4 12.8 12.8 12.8zm96 0h22.4c6.4 0 12.8-6.4 12.8-12.8V204.8c0-6.4-6.4-12.8-12.8-12.8h-22.4c-6.4 0-12.8 6.4-12.8 12.8v134.4c0 6.4 6.4 12.8 12.8 12.8zM496 400H48V80c0-8.84-7.16-16-16-16H16C7.16 64 0 71.16 0 80v336c0 17.67 14.33 32 32 32h464c8.84 0 16-7.16 16-16v-16c0-8.84-7.16-16-16-16zm-387.2-48h22.4c6.4 0 12.8-6.4 12.8-12.8v-70.4c0-6.4-6.4-12.8-12.8-12.8h-22.4c-6.4 0-12.8 6.4-12.8 12.8v70.4c0 6.4 6.4 12.8 12.8 12.8z\" class=\"\"><\/path><\/svg><\/i> <img loading=\"lazy\" decoding=\"async\" width=\"16\" height=\"16\" alt=\"Loading\" src=\"https:\/\/www.chemieseiten.de\/wp-content\/plugins\/page-views-count\/ajax-loader-2x.gif\" border=0 \/><\/p><div class=\"pvc_clear\"><\/div> ","protected":false},"excerpt":{"rendered":"<p>Download: Was ist <abbr class='c2c-text-hover' title='Naturwissenschaft, die die Eigenschaften, die Zusammensetzung und die Umwandlung der Stoffe und ihrer Verbindungen erforscht'>Chemie<\/abbr>?\u00a0\u00a0\u00a0\u00a0(27 MB) (Rechtsklick &#8211; &#8222;Link in neuem TAB \u00f6ffnen&#8220;) Eigentlich f\u00fcr die erste Chemiestunde gedacht &#8230; Was ist <abbr class='c2c-text-hover' title='Naturwissenschaft, die die Eigenschaften, die Zusammensetzung und die Umwandlung der Stoffe und ihrer Verbindungen erforscht'>Chemie<\/abbr> und wo kommt sie in unserem Leben vor? Die Bilder sollen&nbsp;zum Gespr\u00e4ch anregen&nbsp;und medial unterst\u00fctzen, sich&nbsp;\u00fcber CHEMIE zu unterhalten. Nur ein Gedanke &#8230;aber das geht doch auch in den Folgeklassen. In&nbsp;je 25 Fragen&nbsp;zum vergangenen Jahr kann gemeinsam auf<\/p>\n<div class=\"pvc_clear\"><\/div>\n<p id=\"pvc_stats_263\" class=\"pvc_stats all  \" data-element-id=\"263\" style=\"\"><i class=\"pvc-stats-icon small\" aria-hidden=\"true\"><svg aria-hidden=\"true\" focusable=\"false\" data-prefix=\"far\" data-icon=\"chart-bar\" role=\"img\" xmlns=\"http:\/\/www.w3.org\/2000\/svg\" viewBox=\"0 0 512 512\" class=\"svg-inline--fa fa-chart-bar fa-w-16 fa-2x\"><path fill=\"currentColor\" d=\"M396.8 352h22.4c6.4 0 12.8-6.4 12.8-12.8V108.8c0-6.4-6.4-12.8-12.8-12.8h-22.4c-6.4 0-12.8 6.4-12.8 12.8v230.4c0 6.4 6.4 12.8 12.8 12.8zm-192 0h22.4c6.4 0 12.8-6.4 12.8-12.8V140.8c0-6.4-6.4-12.8-12.8-12.8h-22.4c-6.4 0-12.8 6.4-12.8 12.8v198.4c0 6.4 6.4 12.8 12.8 12.8zm96 0h22.4c6.4 0 12.8-6.4 12.8-12.8V204.8c0-6.4-6.4-12.8-12.8-12.8h-22.4c-6.4 0-12.8 6.4-12.8 12.8v134.4c0 6.4 6.4 12.8 12.8 12.8zM496 400H48V80c0-8.84-7.16-16-16-16H16C7.16 64 0 71.16 0 80v336c0 17.67 14.33 32 32 32h464c8.84 0 16-7.16 16-16v-16c0-8.84-7.16-16-16-16zm-387.2-48h22.4c6.4 0 12.8-6.4 12.8-12.8v-70.4c0-6.4-6.4-12.8-12.8-12.8h-22.4c-6.4 0-12.8 6.4-12.8 12.8v70.4c0 6.4 6.4 12.8 12.8 12.8z\" class=\"\"><\/path><\/svg><\/i> <img loading=\"lazy\" decoding=\"async\" width=\"16\" height=\"16\" alt=\"Loading\" src=\"https:\/\/www.chemieseiten.de\/wp-content\/plugins\/page-views-count\/ajax-loader-2x.gif\" border=0 \/><\/p>\n<div class=\"pvc_clear\"><\/div>\n","protected":false},"author":1,"featured_media":0,"parent":0,"menu_order":0,"comment_status":"closed","ping_status":"closed","template":"","meta":{"footnotes":""},"class_list":["post-263","page","type-page","status-publish","hentry"],"a3_pvc":{"activated":true,"total_views":3923,"today_views":1},"_links":{"self":[{"href":"https:\/\/www.chemieseiten.de\/index.php?rest_route=\/wp\/v2\/pages\/263","targetHints":{"allow":["GET"]}}],"collection":[{"href":"https:\/\/www.chemieseiten.de\/index.php?rest_route=\/wp\/v2\/pages"}],"about":[{"href":"https:\/\/www.chemieseiten.de\/index.php?rest_route=\/wp\/v2\/types\/page"}],"author":[{"embeddable":true,"href":"https:\/\/www.chemieseiten.de\/index.php?rest_route=\/wp\/v2\/users\/1"}],"replies":[{"embeddable":true,"href":"https:\/\/www.chemieseiten.de\/index.php?rest_route=%2Fwp%2Fv2%2Fcomments&post=263"}],"version-history":[{"count":0,"href":"https:\/\/www.chemieseiten.de\/index.php?rest_route=\/wp\/v2\/pages\/263\/revisions"}],"wp:attachment":[{"href":"https:\/\/www.chemieseiten.de\/index.php?rest_route=%2Fwp%2Fv2%2Fmedia&parent=263"}],"curies":[{"name":"wp","href":"https:\/\/api.w.org\/{rel}","templated":true}]}}